-2, 5*z - z + 16 = 0. Let f(l) = -6*l. Let c be f(-7). Suppose -3*n + n = a*t - 58, 4*t + c = n. What are the prime factors of n?
2, 17
Suppose 4*g - 110 = 78. Suppose 0 = -4*b + 778 + 1110. Suppose -51*a + g*a + b = 0. List the prime factors of a.
2, 59
Let i(p) be the second derivative of -p**4/12 - 5*p**3/3 - 23*p**2/2 - 14*p. Let z be i(-9). What are the prime factors of (-14175)/(-147) + (-8)/z?
97
Suppose -75*m + 10*m + 748250 = -378330. What are the prime factors of m?
2, 7, 619
Let u = 23965 - -10694. What are the prime factors of u?
3, 3851
List the prime factors of ((-179184)/32)/1*16/(-6).
2, 3733
Suppose -10*r + 17384 = -18*r. Let i = -1360 - r. List the prime factors of i.
3, 271
Let o be (-11866)/85 + 4/(-10). Let c be o/36 + -1 + 4/(-36). What are the prime factors of 217 - ((2 - 1) + c - 0)?
13, 17
Let f(y) = -2*y + 5 + 4738*y**2 - 3986*y**2 - 2*y + 0*y. What are the prime factors of f(1)?
3, 251
Suppose -2*a + c + 12674 = 0, 4*a - 6258 = -c + 19078. What are the prime factors of a?
5, 7, 181
Let f = 3281 - 3386. Suppose 0 = 2*u + 2*v - 440, 2*u = -3*u + v + 1106. Let z = u + f. What are the prime factors of z?
2, 29
Let k(t) be the second derivative of 7*t**4/12 + 3*t**3/2 - 7*t**2/2 - 2*t + 35. Suppose 3*a + 35 = -5*f + 6, a - 13 = 4*f. What are the prime factors of k(f)?
3, 23
Let o = -14 + 13. List the prime factors of -106*(-2)/(o*(1 + -5)).
53
Let t(d) = 74*d**3 + 3 - d**2 - 71*d**3 + 2*d - 5*d**2. Let g be t(6). Suppose -4*y - 3*a = -462 - g, -4*y + 907 = 5*a. What are the prime factors of y?
2, 3, 19
Let l(f) = f**3 + 22*f**2 + 14*f - 37. Let a = -111 + 128. Suppose -2*j + 4*b - 47 = -b, a = -j - 4*b. List the prime factors of l(j).
2, 5, 11
Let x(t) be the third derivative of 17*t**5/60 + 4*t**4/3 - 61*t**3/6 - 106*t**2. What are the prime factors of x(-10)?
1319
Suppose -6*p + 9109 + 6200 = -3*q, 4*p - 10196 = 4*q. List the prime factors of p.
2, 1277
Suppose 0 = -5*o - 0*o + 4*a + 66, 2*o - a - 27 = 0. What are the prime factors of (-3)/(-1) - (o - (745 - 0))?
2, 367
Suppose 4*o - 4*y = -84, 0 = -o + 3*y - 11. Let t = 40 + o. What are the prime factors of (-1)/(-7) + 124/t?
3
Let l(q) = 249 + 185 - q**2 + 56. What are the prime factors of l(0)?
2, 5, 7
Let m(v) = -5*v**2 + 18*v - 7. Let b be m(3). Let j(f) = 165*f - 13. List the prime factors of j(b).
317
Suppose 0 = -5*i - 7*i + 24. Let q = 6 + -9. List the prime factors of q - -102 - (i*-1 + 2).
3, 11
Let d = 152 + -150. Let p(t) = -10*t + 30. Let b be p(-14). What are the prime factors of b + 5/(-5) + d?
3, 19
Let b = 1464 + -959. Suppose 3709 = 7*s - b. What are the prime factors of s?
2, 7, 43
Let t(l) = -4*l**2 - l + 5. Let g(r) = 1 - 17*r - r**2 + 18*r + 0*r**2. Let f(n) = 3*g(n) - t(n). What are the prime factors of f(3)?
19
What are the prime factors of (3*(-86618)/21)/((-8)/4)?
23, 269
Let a = -303 - -5. Let k be -9 + 5 + a/(-2). Suppose b + 5*x - 182 = 0, x - k = -b + 37. List the prime factors of b.
2, 7, 13
Suppose -168*m + 32*m + 4398930 = -62*m. List the prime factors of m.
3, 5, 1321
Let x = -2466 - -4138. Suppose -1576 = -14*j + x. List the prime factors of j.
2, 29
Let d(g) = -g**3 - 9*g**2 - g + 58. Let c be d(-8). Suppose -2*l = -c, -4*w = -5*w + 3*l + 630. What are the prime factors of w?
3, 211
List the prime factors of (-2550)/306*(-3582)/15.
2, 5, 199
Suppose -17*x + 189324 + 79856 = -32230. List the prime factors of x.
2, 3, 5, 197
Let p be (-2 - 9)*(-33)/1. Suppose -2*l - b + 146 = 0, b = 5*l + 4*b - p. Suppose -4*u + l = -205. What are the prime factors of u?
2, 5, 7
Suppose -2*n + 463 = t - 975, 2*t = -3*n + 2157. Suppose 2156 + n = 2*o + 3*v, 3*o = -v + 4323. List the prime factors of o.
2, 7, 103
What are the prime factors of (254/(-3))/(330/(-2805) - 692/(-6171))?
11, 127
Suppose 4*n - 75520 = -2*w, 0*n + 56640 = 3*n - 4*w. What are the prime factors of n?
2, 5, 59
Let q(c) = 558*c**2 - 14*c + 28. What are the prime factors of q(2)?
2, 3, 31
Let s(b) = -b**3 + 32*b**2 + 63*b + 72. Let u be s(34). Let j = 60 - u. List the prime factors of j.
2, 79
Let f = -51 - -54. Suppose -f*h = h + 2*h. Suppose -3*r = i - 274, h = 3*r - 0*i - i - 284. What are the prime factors of r?
3, 31
Let b(u) be the first derivative of -21*u**4/2 + u**3/3 - 7*u**2/2 - 7*u + 27. List the prime factors of b(-2).
347
Let i = -152 + 157. List the prime factors of 104/i*(0 - 9 - -34).
2, 5, 13
Let w(t) = 702*t - 1149. List the prime factors of w(9).
3, 1723
Let k(a) = a**3 - a**2 - 23. Let m be k(0). Let i = -12 - m. Let q = i - -42. What are the prime factors of q?
53
Let d = 2049 - 211. List the prime factors of d.
2, 919
Let b be -10*(-4)/8*1. Let y(x) = -x**3 - 14*x**2 + 3. Let n be y(-14). Suppose -n*u = 2*f - 86, 4*u + 0*u = -b*f + 222. List the prime factors of f.
2, 23
Let w(l) = 18*l**2 - 3*l + 2. Let t be (2/(-6)*-3)/((-2)/8). List the prime factors of w(t).
2, 151
Let v(y) = y**2 + 26*y - 4711. What are the prime factors of v(-148)?
5, 17, 157
Let o(m) = -47*m + 1841. What are the prime factors of o(-20)?
3, 103
Suppose 4*w + w = 5*m - 4315, 3412 = 4*m + 4*w. Suppose -5*f = -5*r + 4280, 4*r - 5*r + 2*f + m = 0. What are the prime factors of r?
2, 7, 61
Let m(u) = -u**3 - 9*u**2 - 12*u - 20. Let s be m(-8). Suppose -390 = -18*y + s*y. List the prime factors of y.
5, 13
Let v = -106 - -374. Suppose -4*w + v = 6*n - 2*n, -4*n = 0. Let h = -62 + w. What are the prime factors of h?
5
Suppose -4*z + 28*p - 24*p - 1236 = 0, 2*z + 2*p + 602 = 0. Let f = z - -1422. What are the prime factors of f?
1117
Let b = 77 - 82. Let v be (-12)/b + -2 - (-106)/10. Suppose -14*l + v*l = -102. What are the prime factors of l?
2, 17
Suppose 22*b = 2*b - 2*b - 3322. Let w(o) = 14*o**2 - 2. Let h be w(4). Let z = b + h. What are the prime factors of z?
71
Suppose -11*o = -88 + 55. What are the prime factors of o/21 + (-9615)/(-21)?
2, 229
Let w be -4 - (-2 + -4 - -195). Let a = 891 - w. What are the prime factors of a?
2, 271
Suppose -102*j + 117*j - 101490 = 0. List the prime factors of j.
2, 17, 199
Let i = -21161 + 58460. List the prime factors of i.
3, 12433
What are the prime factors of ((-3)/(-18) + 127944/432)/(1/21)?
7, 127
Let a = 4 - 14. Let u(l) = l**2 - l - 20. Let k be u(a). Suppose 0*t - t - q + k = 0, -t + 95 = -4*q. List the prime factors of t.
7, 13
Let d(k) = k**2 - 4*k + 28. Let m = -27 - -2. Let f = m + 39. List the prime factors of d(f).
2, 3, 7
Suppose -7 = w - 5*v + 19, -5*w + 4*v - 88 = 0. Let t(q) = q**3 + 6*q**2 - 3*q - 2. Let a be t(-3). Let k = a + w. What are the prime factors of k?
2, 3
Suppose -5*k - 23225 = -z, -4*z + 4*k + 12241 = -80771. List the prime factors of z.
2, 5, 1163
Let a = 234 + -262. Let j = a - -76. List the prime factors of j.
2, 3
Let a = 33622 + -21314. List the prime factors of a.
2, 17, 181
Suppose 0*s + 6*s = 0. Suppose -5*t - 1 + 16 = s. Suppose 3*m = -3, -8*m + t*m = 4*r - 111. What are the prime factors of r?
29
Let d(t) be the second derivative of 19*t**4/12 - 4*t**3/3 + t**2/2 - 43*t. Let f be d(-3). Suppose -1111 = -5*c - f. What are the prime factors of c?
3, 61
Suppose -5*j + 2*v = -7124, -5*j + 3*j = v - 2855. Suppose -1019 - j = -15*t. List the prime factors of t.
163
Suppose -d - d - g + 15 = 0, g = 4*d - 33. Let s(i) = 7 - 11*i**2 + 3*i + i**2 + 12*i**2. What are the prime factors of s(d)?
3, 53
Let i be ((-172)/20)/((-2)/10). What are the prime factors of (-10 + 2)*(-3 - (i + 3))?
2, 7
Let r(g) = g + 2 - 4 + 3 + 3 - g**2. Let y be r(5). Let s = 109 - y. What are the prime factors of s?
5
Let l = -8980 + 20188. List the prime factors of l.
2, 3, 467
Suppose -3*u + 4*b = -0*u + 142, -u - 26 = 4*b. What are the prime factors of ((-63)/u)/((-6)/(-668))?
167
Suppose -2*v - 4*o = 1542, -2*o + 1383 = 3*v + 3708. Let a = v + 1229. Suppose -8*m + 4*m = -a. What are the prime factors of m?
113
Let t = -25422 - -35765. What are the prime factors of t?
10343
Let l(s) = 4*s**2 + 10*s - 13. Suppose -6*i - 165 = 9*i. List the prime factors of l(i).
19
Suppose 6*a = 5003 + 4141. Let m = -999 + a. What are the prime factors of m?
3, 5, 7
Suppose -4*g = 264 + 468. Let j = g + 327. What are the prime factors of j?
2, 3
Let t(k) = -k + 25. Let x be t(0). Suppose 5*w = -5*h + x, 30 = 3*w - 5*h + 3*h. List the prime factors of (-10